se 5, what is -4 + 104300?
104241
In base 5, what is -140 - 14?
-204
In base 8, what is 0 + -1265?
-1265
In base 4, what is 1322 + 30?
2012
In base 5, what is 40133 + 10?
40143
In base 15, what is 3 + -38d?
-38a
In base 16, what is -28 + -2?
-2a
In base 10, what is 5 + -8?
-3
In base 16, what is 168 - 3?
165
In base 7, what is 246 - 4?
242
In base 15, what is 4 - -2c?
31
In base 14, what is 78 + -3?
75
In base 15, what is -5 + -39?
-3e
In base 8, what is 2 - 262?
-260
In base 8, what is 25 - -16?
43
In base 16, what is 6a2 - 1?
6a1
In base 8, what is 5 + -15?
-10
In base 16, what is 47 + 2?
49
In base 2, what is -1110100011 + 100?
-1110011111
In base 14, what is 116 - 1?
115
In base 2, what is -101 - 1000001?
-1000110
In base 4, what is 3 + 112330?
112333
In base 8, what is -5 - -3170?
3163
In base 16, what is -3 + -c3?
-c6
In base 14, what is -7 - 1a9?
-1b2
In base 3, what is 100 + 1101?
1201
In base 2, what is -10000 - -11000?
1000
In base 6, what is -252 + 135?
-113
In base 3, what is -1202 - 11?
-1220
In base 6, what is -11513 - 4?
-11521
In base 12, what is 809 - 1?
808
In base 6, what is -4123 - 5?
-4132
In base 15, what is -7 + -7b?
-83
In base 5, what is 331 - -24?
410
In base 14, what is 3 + 3b?
40
In base 8, what is 45 + 133?
200
In base 16, what is 2 - -4?
6
In base 4, what is -10 - -1010?
1000
In base 2, what is -1111 - 110001?
-1000000
In base 10, what is 49 + -33?
16
In base 11, what is -5 + 36?
31
In base 2, what is -10001110100 - 10?
-10001110110
In base 2, what is -111100 - -11?
-111001
In base 7, what is -125 + -11?
-136
In base 9, what is -1032 - -5?
-1026
In base 10, what is 71 + -2?
69
In base 5, what is 1030011 + -10?
1030001
In base 4, what is -11101 + -10?
-11111
In base 10, what is 232 - 60?
172
In base 8, what is -15 + 63?
46
In base 10, what is -16 + -4?
-20
In base 6, what is 414 + -21?
353
In base 2, what is -10 + -110010?
-110100
In base 4, what is -302 - 1313?
-2221
In base 15, what is 4 + -e?
-a
In base 8, what is 735 - 3?
732
In base 7, what is -12 + 132?
120
In base 15, what is 598 + 1?
599
In base 12, what is 5 + -2b5?
-2b0
In base 2, what is -1011010010000 - -101?
-1011010001011
In base 4, what is 32210 - -2?
32212
In base 4, what is 10 + -3221?
-3211
In base 15, what is -1 + 3?
2
In base 14, what is -10 + 5?
-9
In base 4, what is -1331 - -111?
-1220
In base 13, what is -4 + 476?
472
In base 8, what is 14 + -1105?
-1071
In base 11, what is 695 - 20?
675
In base 16, what is b - -6?
11
In base 2, what is 1101101100 - 0?
1101101100
In base 4, what is 332 - -30?
1022
In base 3, what is 12 + -2110?
-2021
In base 11, what is 2 + -55?
-53
In base 3, what is 20002011 - -10?
20002021
In base 3, what is 0 + 110?
110
In base 9, what is 167 + 32?
210
In base 7, what is 260 - -5?
265
In base 9, what is -458 - 5?
-464
In base 7, what is 4 - 32?
-25
In base 4, what is 1120 - -10?
1130
In base 8, what is -63141 + -2?
-63143
In base 7, what is 34 + 4?
41
In base 2, what is 1 + 10101110?
10101111
In base 16, what is 5 - -e2?
e7
In base 2, what is -11 - 1000110100?
-1000110111
In base 16, what is 0 - -1da?
1da
In base 9, what is -4 - -2?
-2
In base 15, what is 4 - 1a?
-16
In base 3, what is 111002210 + -11?
111002122
In base 10, what is -413 + 3?
-410
In base 9, what is -3 + 67?
64
In base 13, what is -1 - -4c1?
4c0
In base 14, what is 33 + -7?
2a
In base 15, what is 1e + -9?
15
In base 14, what is 138 + -5?
133
In base 8, what is 2 - -3611?
3613
In base 2, what is 10110101 + 100000?
11010101
In base 12, what is -11 + 1918?
1907
In base 14, what is 0 + 263?
263
In base 10, what is 5 + 119?
124
In base 8, what is 513 + 1?
514
In base 11, what is -5 - -11?
7
In base 14, what is -d - -154?
145
In base 8, what is 1 - -4655?
4656
In base 8, what is -5 + 31?
24
In base 13, what is 1 + 23b?
23c
In base 9, what is 271 + -5?
265
In base 4, what is -12 - -1011?
333
In base 3, what is -110210 + -1?
-110211
In base 5, what is 303 + 1?
304
In base 6, what is 15 + 35?
54
In base 10, what is -12839 - -1?
-12838
In base 14, what is 4 + -58?
-54
In base 4, what is 3 + -1112?
-1103
In base 14, what is 440 + 1?
441
In base 4, what is -120 - 23?
-203
In base 15, what is -2 - -9aa?
9a8
In base 7, what is -3 + -1654?
-1660
In base 16, what is 34 - -32?
66
In base 5, what is -11414 + 10?
-11404
In base 2, what is 101101 + -1?
101100
In base 8, what is -511 + 11?
-500
In base 10, what is -2078 + -2?
-2080
In base 2, what is -1001111111 - -11?
-1001111100
In base 16, what is 1 + 14?
15
In base 12, what is 4 + 89?
91
In base 14, what is -46 + 1?
-45
In base 12, what is -23 - 136?
-159
In base 13, what is 2340 - 3?
233a
In base 12, what is -2 - -1909?
1907
In base 12, what is -4 - 21?
-25
In base 13, what is -275 + -2?
-277
In base 14, what is -3 + -2?
-5
In base 5, what is 113 + -2?
111
In base 7, what is -5342 + 2?
-5340
In base 4, what is -10 - 101110?
-101120
In base 7, what is -2 - 44?
-46
In base 13, what is -22 - 11?
-33
In base 13, what is 0 - -233?
233
In base 6, what is 21 - 5?
12
In base 10, what is -4952 + -3?
-4955
In base 15, what is -16 - -3?
-13
In base 12, what is -1 + -75?
-76
In base 6, what is 132 + -115?
13
In base 3, what is 2102 - 1?
2101
In base 16, what is -f + 5?
-a
In base 12, what is -173 + -6?
-179
In base 4, what is -20321 + -1?
-20322
In base 15, what is 19 + 5?
1e
In base 8, what is 103 + 26?
131
In base 9, what is 1 - 66?
-65
In base 13, what is -4 - -44?
40
In base 16, what is 1 + 1f?
20
In base 12, what is 21 + -6?
17
In base 3, what is 21201102 + 0?
21201102
In base 14, what is 1 + -102?
-101
In base 10, what is -4 + -10?
-14
In base 5, what is 1301 + -3?
1243
In base 11, what is 4a + 3?
52
In base 4, what is 220 - -102?
322
In base 12, what is -5 - 2a2?
-2a7
In base 7, what is -54 + -15?
-102
In base 14, what is -b2 - 3?
-b5
In base 15, what is -29 + 1ad?
184
In base 3, what is 1012 - -21212?
100001
In base 6, what is 2 + -3115?
-3113
In base 11, what is 0 + 12?
12
In base 3, what is 20 + -222222?
-222202
In base 11, what is 2a - 5?
25
In base 9, what is 3 - -20?
23
In base 10, what is -387 + 16?
-371
In base 16, what is 2e - 3?
2b
In base 12, what is a29 + 1?
a2a
In base 15, what is 2 - 32?
-30
In base 2, what is -1000110011 + 11?
-1000110000
In base 8, what is -24 - -4?
-20
In base 7, what is -2 - 1?
-3
In base 13, what is -49 - -17?
-32
In base 8, what is -2127 - 1?
-2130
In base 5, what is -342030 - 1?
-342031
In base 14, what is -4 - -8?
4
In base 10, what is -4 + -373?
-377
In base 5, what is -2034 + 1?
-2033
In base 2, what is -101101 - 1?
-101110
In base 2, what is -101 - -10101001?
10100100
In base 9, what is -107 - 17?
-125
In base 2, what is -10001110000110 - 10?
-10001110001000
In base 14, what is -16d5 - -5?
-16d0
In base 14, what is -5 - -727?
722
In base 15, what is -17 + 2?
-15
In base 14, what is -5c + 20?
-3c
In base 13, what is c57 - -1?
c58
In base 12, what is -47b + 4?
-477
In base 5, what is 11 + -21310?
-21244
In base 5, what is -2 - -330?
323
In base 10, what is 1591 + 1?
1592
In base 10, what is 10988 + -1?
10987
In base 5, what is -30414 + 10?
-30404
In base 2, what is -110111 + 1?
-110110
In base 2, what is -1010101 + -101101?
-10000010
In base 10, what is -658 + 0?
-658
In base 12, what is bb4 - -b?
1003
In base 5, what is -220 - -312?
42
In base 10, what is -97 + -3?
-100
In base 9, what is 74 + 1?
75
In base 3, what is 1210 - -1000?
2210
In base 3, what is -10220 + 0?
-10220
In base 2, what is -101 - -100110?
100001
In base 9, what is 20 - 3?
16
In base 14, what is -4d2 - -3?
-4cd
In base 5, what is 234 + 1?
240
In base 2, what is -10000001 - 100?
-10000101
In base 2, what is 11101111111 + 10?
11110000001
In base 4, what is -2 - 222230?
-222232
In base 9, what is 3 + -255?
-252
In base 11, what is -3a4 + 2?
-3a2
In base 14, what is 1 - -19?
1a
In base 13, what is 4 + 4b?
52
In base 13, what is 5 - -46?
4b
In base 2, what is 101111 - 10?
101101
In base 10, what is -20 - -20?
0
In base 4, what is 10 - 2102?
-2032
In base 6, what is -2 + -1330?
-1332
In base 8, what is -215261 - 4?
-215265
In base 8, what is 47 + 222?
271
In base 14, what is 56 - -3?
59
In base 5, what is -13222 - 4?
-13231
In base 4, what is -10 + -30300?
-30310
In base 7, what is 66 + -4?
62
In base 8, what is -631 -